{"id":1371,"date":"2017-10-11T21:58:47","date_gmt":"2017-10-11T19:58:47","guid":{"rendered":"http:\/\/www.abschleppdienst-bamberg.de\/?page_id=1371"},"modified":"2025-08-09T13:07:25","modified_gmt":"2025-08-09T11:07:25","slug":"impressum","status":"publish","type":"page","link":"https:\/\/www.abschleppdienst-bamberg.de\/?page_id=1371","title":{"rendered":"Impressum"},"content":{"rendered":"<h2>Angaben gem\u00e4\u00df \u00a7 5 TMG:<\/h2>\n<p>Gutkowski &amp; Pf\u00e4nder GmbH &amp; Co.KG<br \/>\nGeisfelderstra\u00dfe 14a<br \/>\n96050 Bamberg<\/p>\n<h2>Vertreten durch:<\/h2>\n<p>Fischer &amp; Spangel Beteiligungs-GmbH, vertreten durch<br \/>\nGesch\u00e4ftsf\u00fchrer Wendelin Fischer<br \/>\nGesch\u00e4ftsf\u00fchrer Robert Spangel<\/p>\n<h2>Kontakt:<\/h2>\n<table>\n<tbody>\n<tr>\n<td>Telefon:<\/td>\n<td>0951131333<\/td>\n<\/tr>\n<tr>\n<td>Telefax:<\/td>\n<td>0951131332<\/td>\n<\/tr>\n<tr>\n<td>E-Mail:<\/td>\n<td>info@abschleppdienst-bamberg.de<\/td>\n<\/tr>\n<\/tbody>\n<\/table>\n<h2>Registereintrag:<\/h2>\n<p>Eintragung im Handelsregister.<br \/>\nRegistergericht:Bamberg<br \/>\nRegisternummer: HRA 11271<\/p>\n<p>Umsatzsteuer-Identifikationsnummer gem\u00e4\u00df \u00a727 a<br \/>\nUmsatzsteuergesetz:<br \/>\nDE 272343358<\/p>\n<h2>Aufsichtsbeh\u00f6rde:<\/h2>\n<p>Stadt Bamberg<br \/>\nStra\u00dfenverkehrsamt<\/p>\n<p>Wir nehmen an einem Streitbeilegungsverfahren vor einer Verbraucherschlichtungsstelle teil.<br \/>\nZust\u00e4ndig ist dieUniversalschlichtungsstelle des Zentrums f\u00fcr Schlichtung e.V.,<br \/>\nStra\u00dfburger Stra\u00dfe 8, 77694 Kehl am Rhein (<a title=\"https:\/\/www.verbraucher-schlichter.de\/\" href=\"https:\/\/baol9.r.sp1-brevo.net\/mk\/cl\/f\/sh\/SMK1E8tHeGLdayHgEcz39e5qjF14\/xN80MaGp31D6\" target=\"_blank\" rel=\"noopener\" data-saferedirecturl=\"https:\/\/www.google.com\/url?q=https:\/\/baol9.r.sp1-brevo.net\/mk\/cl\/f\/sh\/SMK1E8tHeGLdayHgEcz39e5qjF14\/xN80MaGp31D6&amp;source=gmail&amp;ust=1754822996381000&amp;usg=AOvVaw0waMET0E_HfHwozPooRt0d\">https:\/\/www.verbraucher-<wbr \/>schlichter.de<\/a>).<\/p>\n<h2>Haftung f\u00fcr Inhalte<\/h2>\n<p>Als<\/p>\n<p>Diensteanbieter sind wir gem\u00e4\u00df \u00a7 7 Abs.1 TMG f\u00fcr eigene Inhalte auf diesen Seiten<br \/>\nnach den allgemeinen Gesetzen verantwortlich. Nach \u00a7\u00a7 8 bis 10 TMG sind wir als<br \/>\nDiensteanbieter jedoch nicht verpflichtet, \u00fcbermittelte oder gespeicherte fremde Informationen zu<br \/>\n\u00fcberwachen oder nach Umst\u00e4nden zu forschen, die auf eine rechtswidrige T\u00e4tigkeit<br \/>\nhinweisen.<\/p>\n<p>Verpflichtungen zur Entfernung oder Sperrung der Nutzung von Informationen nach<br \/>\nden allgemeinen Gesetzen bleiben hiervon unber\u00fchrt. Eine diesbez\u00fcgliche Haftung ist jedoch<br \/>\nerst ab dem Zeitpunkt der Kenntnis einer konkreten Rechtsverletzung m\u00f6glich. Bei Bekanntwerden<br \/>\nvon entsprechenden Rechtsverletzungen werden wir diese Inhalte umgehend entfernen.<\/p>\n<h2>Haftung f\u00fcr Links<\/h2>\n<p>Unser Angebot enth\u00e4lt Links zu externen Webseiten Dritter, auf<br \/>\nderen Inhalte wir keinen Einfluss haben. Deshalb k\u00f6nnen wir f\u00fcr diese fremden Inhalte auch<br \/>\nkeine Gew\u00e4hr \u00fcbernehmen. F\u00fcr die Inhalte der verlinkten Seiten ist stets der jeweilige<br \/>\nAnbieter oder Betreiber der Seiten verantwortlich. Die verlinkten Seiten wurden zum Zeitpunkt der<br \/>\nVerlinkung auf m\u00f6gliche Rechtsverst\u00f6\u00dfe \u00fcberpr\u00fcft. Rechtswidrige Inhalte<br \/>\nwaren zum Zeitpunkt der Verlinkung nicht erkennbar.<\/p>\n<p>Eine permanente inhaltliche Kontrolle der<br \/>\nverlinkten Seiten ist jedoch ohne konkrete Anhaltspunkte einer Rechtsverletzung nicht zumutbar. Bei<br \/>\nBekanntwerden von Rechtsverletzungen werden wir derartige Links umgehend entfernen.<\/p>\n<h2>Urheberrecht<\/h2>\n<p>Die durch die Seitenbetreiber erstellten Inhalte und Werke auf diesen Seiten<br \/>\nunterliegen dem deutschen Urheberrecht. Die Vervielf\u00e4ltigung, Bearbeitung, Verbreitung und jede<br \/>\nArt der Verwertung au\u00dferhalb der Grenzen des Urheberrechtes bed\u00fcrfen der schriftlichen<br \/>\nZustimmung des jeweiligen Autors bzw. Erstellers. Downloads und Kopien dieser Seite sind nur f\u00fcr<br \/>\nden privaten, nicht kommerziellen Gebrauch gestattet.<\/p>\n<p>Soweit die Inhalte auf dieser Seite nicht<br \/>\nvom Betreiber erstellt wurden, werden die Urheberrechte Dritter beachtet. Insbesondere werden Inhalte<br \/>\nDritter als solche gekennzeichnet. Sollten Sie trotzdem auf eine Urheberrechtsverletzung aufmerksam<br \/>\nwerden, bitten wir um einen entsprechenden Hinweis. Bei Bekanntwerden von Rechtsverletzungen<\/p>\n<p>werden wir derartige Inhalte umgehend entfernen.<\/p>\n<p>Quelle: <a href=\"https:\/\/www.e- recht24.de\">https:\/\/www.e-recht24.de<\/a><\/p>\n","protected":false},"excerpt":{"rendered":"<p>Angaben gem\u00e4\u00df \u00a7 5 TMG: Gutkowski &amp; Pf\u00e4nder GmbH &amp; Co.KG Geisfelderstra\u00dfe 14a 96050 Bamberg Vertreten durch: Fischer &amp; Spangel Beteiligungs-GmbH, vertreten durch Gesch\u00e4ftsf\u00fchrer Wendelin Fischer Gesch\u00e4ftsf\u00fchrer Robert Spangel Kontakt: &#8230;<\/p>\n","protected":false},"author":1,"featured_media":0,"parent":0,"menu_order":0,"comment_status":"closed","ping_status":"closed","template":"template-fullwidth.php","meta":{"footnotes":""},"class_list":["post-1371","page","type-page","status-publish","hentry"],"_links":{"self":[{"href":"https:\/\/www.abschleppdienst-bamberg.de\/index.php?rest_route=\/wp\/v2\/pages\/1371","targetHints":{"allow":["GET"]}}],"collection":[{"href":"https:\/\/www.abschleppdienst-bamberg.de\/index.php?rest_route=\/wp\/v2\/pages"}],"about":[{"href":"https:\/\/www.abschleppdienst-bamberg.de\/index.php?rest_route=\/wp\/v2\/types\/page"}],"author":[{"embeddable":true,"href":"https:\/\/www.abschleppdienst-bamberg.de\/index.php?rest_route=\/wp\/v2\/users\/1"}],"replies":[{"embeddable":true,"href":"https:\/\/www.abschleppdienst-bamberg.de\/index.php?rest_route=%2Fwp%2Fv2%2Fcomments&post=1371"}],"version-history":[{"count":5,"href":"https:\/\/www.abschleppdienst-bamberg.de\/index.php?rest_route=\/wp\/v2\/pages\/1371\/revisions"}],"predecessor-version":[{"id":1641,"href":"https:\/\/www.abschleppdienst-bamberg.de\/index.php?rest_route=\/wp\/v2\/pages\/1371\/revisions\/1641"}],"wp:attachment":[{"href":"https:\/\/www.abschleppdienst-bamberg.de\/index.php?rest_route=%2Fwp%2Fv2%2Fmedia&parent=1371"}],"curies":[{"name":"wp","href":"https:\/\/api.w.org\/{rel}","templated":true}]}}